8 - 0 - -3)?
-1
Evaluate -7 - (-13 + 5 + 1).
0
-1 + (0 - 1) + (17 - 11)
4
0 - -14 - (-48 + 51)
11
What is 10 + -14 + 1 + (2 - 1)?
-2
What is the value of -3 - 2 - (-1 + (12 - 11))?
-5
What is 2 - (-5 - (-12 + -1))?
-6
What is 0 - ((-3 - (-1 + -2)) + 0)?
0
Calculate 10 + 14 + -16 - -3.
11
What is the value of 1 - 9 - (-1 - (6 + -1))?
-2
7 - (3 - -2 - 2)
4
-7 - -11 - (-1 - -5)
0
What is the value of (1 - -1 - -1) + -53 + 53?
3
What is (0 - -1) + (-15 - -13)?
-1
-1 - (4 + -3) - -4 - -1
3
What is 6 + 11 + -1 + -8?
8
What is the value of 2 - (-6 + 0 - -5)?
3
What is the value of (-5 - -3) + -2 + 3 + -1?
-2
What is the value of (-2 - 2) + -2 - (14 - 17)?
-3
Calculate (7 - (12 + -2)) + (0 - 2).
-5
What is the value of -3 + -1 + (-1 - -5)?
0
Evaluate (-8 - 2) + 17 + -12.
-5
What is (-4 - (-10 + 5)) + -4?
-3
Calculate 1 - (-2 + 2 + (-4 - -1)).
4
What is the value of 6 + -1 - 10 - -6?
1
Evaluate (-2 - -3) + -1 + 0 + 2.
2
What is the value of (-4 - (0 - 4)) + -19 + 20?
1
What is 15 + -14 + -5 + -1?
-5
-2 + 2 + -5 - (-2 - 1)
-2
-5 - (9 + -8 + -2)
-4
Evaluate (6 - (2 + -1)) + -1.
4
Evaluate (6 - (-3 + (9 - 2))) + 4.
6
What is the value of -6 + (4 - -3) + -4?
-3
Calculate (-8 - -4) + (-2 - -1).
-5
What is the value of -1 - -3 - (-5 - -2)?
5
49 + -36 - (-1 + 6 + 1)
7
-3 + (-1 - -3) + -1
-2
What is (14 - -1) + 27 + -31 + -4?
7
(-2 - -2) + 7 + -2
5
Evaluate 8 + (0 - 4) + 1.
5
What is the value of (10 - (6 - -6)) + 2?
0
-24 + 11 + 6 + 9
2
What is the value of (2 - 0 - 4) + -2 + 3?
-1
1 + 5 + -7 - (-1 - -1)
-1
Calculate -7 + 21 - (9 + -2).
7
What is the value of (-17 - (-17 - -6)) + -1 + 1?
-6
Evaluate (31 - 6) + -13 + (-6 - 0).
6
What is the value of 14 + (0 - (5 - 7 - -6))?
10
Evaluate 6 - (6 + (-2 - -2)).
0
Evaluate -19 - (-5 - (9 - 4)).
-9
What is -1 + 6 + -1 + 1?
5
What is the value of 0 - (14 + -2) - -6?
-6
What is -6 - (-8 + 9) - -3?
-4
Calculate 0 + (5 - 14) + 4 + 1.
-4
What is the value of -1 + 8 + (-13 - -4)?
-2
What is the value of -4 - -1 - (-2 - 3)?
2
Calculate 0 + 3 + 3 + (-11 - -3).
-2
What is -13 - -13 - (-1 - 3)?
4
What is the value of 7 - (-5 - (3 - 13))?
2
2 - (7 - 9) - 0
4
Calculate -5 - 2 - -2 - (5 - 5).
-5
What is (4 - 0) + -4 + -2?
-2
What is the value of 0 - (0 - -3 - 3)?
0
What is -5 + 4 - (0 + 4)?
-5
-5 - ((-7 - 4) + 1)
5
(1 - (3 + 3 + -13)) + -4
4
What is the value of -4 + 2 + 12 + -9?
1
Calculate 3 - (3 + -1) - (4 + -5).
2
What is the value of (-87 - -79) + (18 - -1) + -2?
9
Calculate (1 - 9 - -5) + 7.
4
What is -11 - -10 - (-1 + -4) - 2?
2
1 + -4 - (-9 + 0)
6
What is the value of -4 - (-4 + 15) - (-17 + 10)?
-8
What is the value of -6 + -11 + 9 + 7?
-1
What is 0 + 3 + -3 + 2 + 3?
5
(7 - 0) + -6 + 8 + -8
1
Calculate -8 + 6 + 0 + 1.
-1
Calculate -6 + -2 + (11 - 7).
-4
Evaluate -8 + -1 + 9 - (3 - -3).
-6
What is the value of (6 - 1) + (-4 - (4 - 8))?
5
4 + -5 + 2 + 10 + -12
-1
What is (49 - 45) + -3 + -1?
0
What is (1 - -2 - 6) + 4 + -2?
-1
What is the value of 4 - 7 - (-2 - -1) - -1?
-1
1 - (-8 + (6 - 1))
4
Calculate 0 - 0 - -1 - (4 + -1).
-2
Calculate -2 + 1 + -1 - (-3 + 1).
0
Calculate 3 + 2 + (-9 - (-4 + 1)).
-1
Evaluate (7 - 2) + 2 + -5.
2
Calculate (0 - 14) + -31 + 39.
-6
What is the value of 0 + (0 + -2 - -4 - 3)?
-1
What is the value of 3 + -10 + -2 + 8?
-1
What is 8 + 0 + -9 + 4?
3
Calculate 4 + -5 + (7 - 1).
5
Calculate -12 + -2 + 6 - (3 - 4).
-7
What is -1 + 6 + -2 + -16 + 5?
-8
What is the value of 0 - 3 - -7 - (3 - 4)?
5
Evaluate -10 + 1 + 13 - 10.
-6
Evaluate 0 + 7 + -4 + 2.
5
What is the value of 10 + -15 + -2 + 11 + 2?
6
Evaluate -3 + 1 + -1 + 3 + 0.
0
-12 + 3 + (6 - -5)
2
What is the value of (0 - -1) + (5 - 6)?
0
What is the value of -3 + 1 - (-14 - (-18 + 4))?
-2
What is the value of -3 + (-4 - (4 - 5) - -5)?
-1
0 + (-7 - 1 - -3) + 1
-4
What is the value of -13 - (-1 + -8) - -13?
9
Evaluate -4 + (6 - -6) - 2.
6
(-2 - (-7 + (1 - 2))) + 1
7
What is 6 - (15 + -6 + 4)?
-7
What is 2 - (-5 - -4 - 2)?
5
What is the value of 5 + -6 + -4 + 2?
-3
Evaluate -24 - -18 - (-1 - 15) - 0.
10
179 - 184 - (1 - 11)
5
What is 3 + (3 - 4) + -2?
0
-5 - (6 - 22 - -5) - 2
4
-3 + 8 + -1 + -4
0
What is the value of 0 - (5 - (3 - (-5 + 4)))?
-1
Evaluate -3 + (-1 - 5) + 6 - -1.
-2
2 - (15 + -2) - (12 + -17)
-6
11 - 2 - (-8 - -11)
6
Evaluate 6 + (4 - 9) - (1 + 4).
-4
Calculate -7 + 2 + (-3 - 6 - -18).
4
What is 26 + -26 - (-2 - -1) - 3?
-2
-49 + 47 + (1 - (4 - 2))
-3
-15 + 6 + 17 - 3
5
Calculate 4 - (3 - (-3 + 6)).
4
Evaluate -2 - -1 - (9 + -15).
5
1 + (8 - 5) + (1 - 9)
-4
Evaluate 4 - (5 - (1 - 5)).
-5
Evaluate (-2 + 4 - 5) + 2 + 3.
2
6 - (1 + -1 + 2)
4
21 - 25 - (-12 + 4)
4
What is the value of -6 - (-2 - (9 + -9))?
-4
Calculate -2 + 2 + (2 - 6).
-4
Calculate 5 - (7 - (0 - (-1 + 2))).
-3
Evaluate -5 + 2 + 6 + -3 + 7.
7
Calculate 2 + -7 + 3 + -4 + 11.
5
Calculate 2 - (3 - (-2 + 2)).
-1
What is the value of 5 - (11 + (4 - (1 + 5)))?
-4
(-1 - (-2 + -1)) + -4
-2
Evaluate -2 + (11 - 3) + -14.
-8
Calculate 1 + -12 + (26 - 22).
-7
Evaluate -25 + 30 + 1 + -4.
2
Calculate -3 - 2 - 1 - (-5 - 9).
8
What is -6 + 2 + (4 - 3) + -7?
-10
What is the value of (-3 - -2) + 4 + -4?
-1
What is 13 + (-4 - 0) + (-7 - -2)?
4
-5 + 3 - 3 - (6 - 4)
-7
What is the value of (-8 - (-9 - -4)) + (2 - -4)?
3
(6 - (-5 - -6)) + 0
5
Evaluate 7 + -5 - (-2 + 0).
4
Evaluate -4 + 2 + -9 - -7.
-4
13 - (8 - (-13 - -11))
3
-2 - ((1 - -1) + -3 - -2)
-3
What is (17 - 10) + 4 - 7?
4
Calculate (-2 + (-3 - -8) - 5) + 4.
2
11 + -1 + 17 + -7 + -15
5
(-2 - (2 - (3 - 2))) + -3
-6
What is -5 + (9 - 0) + -10?
-6
-1 - (-5 + (2 - -5) - 5)
2
What is the value of 0 + (-7 - -2) - -1 - 1?
-5
What is 59 - 72 - (-1 + -20)?
8
-9 + 11 + (-2 - (-1 + 1))
0
What is 1 + (-2 - 0) + (1 - -2)?
2
What is the value of 3 + (-3 - 4) + 6?
2
What is the value of (12 - 6) + -8 + 7?
5
(-2 - -2) + 3 + -4
-1
3 - (5 + -2) - 5
-5
What is the value of -11 + -4 + -1 + 13?
-3
Calculate 0 - 2 - (-17 - (-5 + -6)).
4
Evaluate -3 + (-2 - (-4 + 1)) + 0.
-2
What is the value of 5 + -1 - 3 - (4 - 2)?
-1
What is -13 - (-7 - -5) - (-6 - -3)?
-8
Evaluate -3 - (-6 - 1) - 1.
3
Evaluate 1 + 0 + 6 + -9.
-2
What is the value of 16 + (-14 + 0 - -5)?
7
Evaluate (2 + -3 - 3 - -7) + 0.
3
What is -3 - (2 - 0) - -4?
-1
What is the value of 1 - (-2 - (-2 + -3)) - 3?
-5
Calculate -5 + (5 - (3 + 0)).
-3
Evaluate -1 + -3 + -3 + 7 + -3.
-3
What is the value of 12 - (-6 - 6 - -23)?
1
Evaluate -3 + (-3 - (1 + -4)) + 6.
3
Calculate 1 + -5 + (-18 - (-32 - -14)).
-4
Calculate -7 + -4 + 6 + 0.
-5
What is 13 + -5 + 12 + -1 + -12?
7
Calculate -2 - (-11 - -4) - 1.
4
What is (0 - 3 - -4) + 5 - 8?
-2
8 + -2 - 1 - (-8 - -9)
4
Calculate 3 + (-5 - -3) + 2 + -8.
-5
Evaluate 5 - (-2 - -4) - 5.
-2
Evaluate (-6 - -1) + 9 - 6.
-2
What is (-4 - 0) + 28 + -30?
-6
1 - -1 - (-2 - 0)
4
Calculate 3 - -1 - (1 - 11 - -16).
-2
What is -2 - (-2 + 0 + -3 + -2)?
5
What is the value of 8 + 5 + -3 - 8?
2
Calculate -12 + (8 - -12 - 0).
8
(8 - -2) + -7 + 1 - 5
-1
Calculate -6 - (-8 - (-8 - -7) - -7).
-6
Calculate -3 + -6 + 0 + 7.
-2
Evaluate -10 - -1 - (-19 - -15).
-5
Evaluate -4 - (-11 + 8 - (-3 + 7)).
3
What is (-7 - (0 - -2)) + 4?
-5
Calculate 5 + -4 + 7 - 4 - 7.
-3
(6 - -5) + -6 - (1 + 3)
1
What is the value of -11 - (8 - 4 - 12)?
-3
Evaluate (-4 - (0 + 0 + -1)) + 1.
-2
What is -1 + (4 - 5) - (-1 - 0)?
-1
What is the value of -3 - (4 + 0 - (16 - 8))?
1
Evaluate -10 + (-7 - (-4 + -10)).
-3
Calculate (0 - -4 - (6 + -2)) + 0.
0
Evaluate (-1 - 9) + 7 - -4.
1
What is the value of (3 + -9 - (-13 + 1)) + -2?
4
Calculate 4 - (4 + -2) - -3.
5
3 + (4 - (3 + 6))
-2
What is 8 + 1 + 1 + -8?
2
What is (-5 - (-10 + 6 + 5)) + 10?
4
Evaluate -5 - (4 - (4 - (2 + -3))).
-4
Evaluate -6 - (8 + -15) - (2 + -1).
0
Calculate 0 + 2 + -2 + -1 + 3.
2
What is the value of -4 - 0 - (-12 + 4 + 5)?
-1
What is 1 + (4 - ((-7 - -4) + 4))?
4
Evaluate (1 + -6 - -9) + (-6 - -1).
-1
Evaluate 3 - 1 - ((-4 - 2) + 3).
5
What is the value of 3 - (4 + 4 + -5 + -4)?
4
Evaluate -5 - (-10 + 4 - -1).
0
-2 + 2 - (-11 + 7)
4
Evaluate 3 - (-3 - ((-4 - 3) + 0)).
-1
What is the value of -4 - (0 + 2 + -8 + 3)?
-1
Evaluate -1 + (3 - 4 - (-1 + 2)).
-3
What is -7 + (20 - 7) - 5 - 2?
-1
What is -6 + 2 + 6 + -2?
0
Evaluate 0 + (-2 - (4 + -2)).
-4
What is (-1 - -2) + -4 + (0 - -4)?
1
What is 5 + 0 + (0 - 3) + 1?
3
What is 2 - (-1 - (-3 - 